emainder when 1348544 is divided by 1989?
2
Calculate the remainder when 105771728 is divided by 105771728.
0
Calculate the remainder when 233316 is divided by 2283.
450
Calculate the remainder when 37877034 is divided by 1697.
1691
What is the remainder when 29165027 is divided by 251422?
75
Calculate the remainder when 1723655 is divided by 211.
207
What is the remainder when 292671 is divided by 48732?
279
What is the remainder when 16022080 is divided by 251?
248
Calculate the remainder when 197782411 is divided by 2709348.
7
Calculate the remainder when 23218472 is divided by 899.
898
What is the remainder when 3000208 is divided by 4?
0
What is the remainder when 34016648 is divided by 39?
29
Calculate the remainder when 2085435 is divided by 69505.
285
Calculate the remainder when 23018 is divided by 605.
28
What is the remainder when 2412302 is divided by 48246?
2
What is the remainder when 10563613 is divided by 7085?
6963
What is the remainder when 367110 is divided by 63?
9
What is the remainder when 20504 is divided by 1751?
1243
What is the remainder when 15519847 is divided by 39?
31
Calculate the remainder when 4694776 is divided by 1516.
1240
What is the remainder when 609226 is divided by 6031?
95
What is the remainder when 626703 is divided by 747?
717
What is the remainder when 254315 is divided by 1246?
131
What is the remainder when 19372644 is divided by 108835?
14
Calculate the remainder when 3393445 is divided by 1696704.
37
What is the remainder when 1788744828 is divided by 16?
12
What is the remainder when 6118 is divided by 718?
374
Calculate the remainder when 28528429 is divided by 5705684.
9
What is the remainder when 175903 is divided by 4606?
875
Calculate the remainder when 14641757 is divided by 1538.
1535
Calculate the remainder when 31040275 is divided by 817.
811
What is the remainder when 166383 is divided by 166002?
381
What is the remainder when 1974267 is divided by 394851?
12
What is the remainder when 8398 is divided by 93?
28
What is the remainder when 229442 is divided by 922?
786
What is the remainder when 13456645 is divided by 3026?
23
Calculate the remainder when 245236 is divided by 6810.
76
What is the remainder when 23286174 is divided by 5543?
31
What is the remainder when 4967447 is divided by 32897?
0
Calculate the remainder when 141803 is divided by 2182.
2155
Calculate the remainder when 107103 is divided by 994.
745
What is the remainder when 958315 is divided by 59769?
2011
Calculate the remainder when 2014869 is divided by 54455.
34
Calculate the remainder when 3698678 is divided by 217569.
5
What is the remainder when 4088568 is divided by 3430?
8
What is the remainder when 251059 is divided by 586?
251
Calculate the remainder when 473877 is divided by 236814.
249
Calculate the remainder when 2701458 is divided by 115.
108
What is the remainder when 15087421 is divided by 1382?
127
What is the remainder when 3389188 is divided by 12151?
11210
Calculate the remainder when 4616461 is divided by 914.
761
Calculate the remainder when 1327543 is divided by 265371.
688
What is the remainder when 1313062 is divided by 889?
9
What is the remainder when 876012 is divided by 85?
2
What is the remainder when 15340510 is divided by 40691?
3
What is the remainder when 3308057 is divided by 1641?
1442
What is the remainder when 740370 is divided by 123392?
18
What is the remainder when 52794 is divided by 9?
0
What is the remainder when 9976118 is divided by 2212?
2210
What is the remainder when 3066564 is divided by 255473?
888
Calculate the remainder when 4873606 is divided by 314.
12
What is the remainder when 2698806 is divided by 21590?
56
Calculate the remainder when 21393995 is divided by 31.
27
What is the remainder when 734945 is divided by 617?
98
Calculate the remainder when 7279976 is divided by 606662.
32
What is the remainder when 226820 is divided by 9063?
245
Calculate the remainder when 10584 is divided by 692.
204
Calculate the remainder when 487475 is divided by 40609.
167
Calculate the remainder when 33915 is divided by 1319.
940
What is the remainder when 361754 is divided by 1989?
1745
Calculate the remainder when 3317177 is divided by 87294.
5
Calculate the remainder when 812636 is divided by 135439.
2
What is the remainder when 662216 is divided by 60198?
38
Calculate the remainder when 253987992 is divided by 15.
12
What is the remainder when 27369573 is divided by 456?
453
Calculate the remainder when 2684439 is divided by 956.
947
What is the remainder when 444352 is divided by 340?
312
Calculate the remainder when 12879254 is divided by 92.
82
What is the remainder when 395066 is divided by 189?
56
Calculate the remainder when 2127614 is divided by 15.
14
Calculate the remainder when 2558043 is divided by 2558040.
3
Calculate the remainder when 1465050 is divided by 488343.
21
What is the remainder when 951610 is divided by 23208?
82
What is the remainder when 425423 is divided by 947?
220
Calculate the remainder when 76179 is divided by 1311.
141
Calculate the remainder when 692796 is divided by 62954.
302
Calculate the remainder when 1046531 is divided by 45500.
31
Calculate the remainder when 311876 is divided by 23987.
45
What is the remainder when 99692 is divided by 3677?
413
What is the remainder when 47696 is divided by 11478?
1784
Calculate the remainder when 330031 is divided by 164958.
115
What is the remainder when 3378381 is divided by 225224?
21
Calculate the remainder when 3317293 is divided by 2216.
2157
Calculate the remainder when 588984 is divided by 196290.
114
What is the remainder when 17789451 is divided by 25970?
1
What is the remainder when 1025824 is divided by 620?
344
Calculate the remainder when 317610 is divided by 235.
125
Calculate the remainder when 7529 is divided by 260.
249
Calculate the remainder when 806068 is divided by 36639.
10
What is the remainder when 3151725 is divided by 33527?
187
Calculate the remainder when 283231 is divided by 4229.
4117
Calculate the remainder when 269973 is divided by 33563.
1469
Calculate the remainder when 23527861 is divided by 1009.
1008
Calculate the remainder when 273253 is divided by 351.
175
What is the remainder when 1304618 is divided by 836?
458
What is the remainder when 3768262 is divided by 188410?
62
Calculate the remainder when 115905 is divided by 57889.
127
Calculate the remainder when 876961 is divided by 219224.
65
What is the remainder when 1335908 is divided by 67?
62
Calculate the remainder when 35738742 is divided by 37.
35
Calculate the remainder when 66376 is divided by 1206.
46
What is the remainder when 130280019 is divided by 15?
9
Calculate the remainder when 584971 is divided by 584934.
37
Calculate the remainder when 24145031 is divided by 24145023.
8
What is the remainder when 1217586 is divided by 2480?
2386
What is the remainder when 556763 is divided by 8313?
8105
What is the remainder when 420533 is divided by 11594?
3149
What is the remainder when 5703 is divided by 737?
544
Calculate the remainder when 163788 is divided by 54586.
30
Calculate the remainder when 83749 is divided by 83465.
284
Calculate the remainder when 14254 is divided by 7083.
88
What is the remainder when 406013407 is divided by 16?
15
What is the remainder when 124476 is divided by 40975?
1551
Calculate the remainder when 21628 is divided by 1138.
6
What is the remainder when 20585 is divided by 953?
572
Calculate the remainder when 700880 is divided by 13741.
89
Calculate the remainder when 105907189 is divided by 94.
21
Calculate the remainder when 38842 is divided by 242.
122
Calculate the remainder when 7477084 is divided by 103.
5
Calculate the remainder when 75079955 is divided by 343.
342
What is the remainder when 6333690 is divided by 887?
510
What is the remainder when 618367 is divided by 321?
121
What is the remainder when 3671597 is divided by 734317?
12
What is the remainder when 8535151 is divided by 18883?
35
Calculate the remainder when 4435641 is divided by 448.
441
What is the remainder when 1847386 is divided by 369468?
46
What is the remainder when 201738 is divided by 5933?
16
What is the remainder when 44946 is divided by 898?
46
Calculate the remainder when 384985